d derivative of -11*g**4 - 7*g**3/6 - g**2 + 34. What are the prime factors of s(-1)?
257
Suppose 3*x - 61*t = -62*t + 40422, -40419 = -3*x - 2*t. List the prime factors of x.
5, 7, 11
Let i be 2 + 2 - (-1 - 0). Suppose 0 = 2*j + i*j + 1568. What are the prime factors of (j/(-70))/(-1 - (-16)/15)?
2, 3
Let d = 28809 - -784. List the prime factors of d.
101, 293
Let y = 748 - -3420. List the prime factors of y.
2, 521
Let h = -71 + 68. Let z(q) = -31*q**3 + 5*q**2 + 2*q - 9. List the prime factors of z(h).
3, 17
Suppose 3*b - 25110 = -0*b. Suppose 19*i - 9*i - b = 0. List the prime factors of i.
3, 31
Suppose -28*m + 894 = 110. Suppose -22*d = m*d - 70350. What are the prime factors of d?
3, 7, 67
List the prime factors of ((-35454)/(-9) - 1)/((-4228)/(-168) - 25).
2, 5, 17, 139
Let s(z) = -2*z**3 - z**2 + 2*z - 1. Let r be s(-2). Let q(d) = -d**3 + 9*d**2 - 7*d - 16. Let t be q(r). Suppose -227 = -2*k + t. List the prime factors of k.
2, 5, 13
Suppose -18*r = -0*r - 234. Suppose -2*y - 2453 = -r*y. List the prime factors of y.
223
Suppose -5*c = 6*c - 33. Suppose 6*r - 4*r + c*s - 2843 = 0, -5*r + 7118 = -3*s. What are the prime factors of r?
1423
Suppose -11*c + 21 = 87. Let i(u) = u**3 + 6*u**2 - 19*u - 2. Let r be i(c). Suppose -o + r = o. List the prime factors of o.
2, 7
Suppose 2*h - 939 = 3*p, -3*h + 1570 = -5*p + 2*h. Let d = 426 + p. List the prime factors of d.
5, 23
Let m = -392 + 392. Suppose -x + 2*q + 190 = -m*x, 5*x + 2*q = 926. List the prime factors of x.
2, 3, 31
Suppose -2*y - 11*u = -13*u - 11146, 3*u - 11126 = -2*y. List the prime factors of y.
5569
Let r(p) = 954*p**2 - 5*p + 5. Let d be r(1). Suppose 2*h + b = -b + d, 5*h - 2388 = -4*b. Let u = h - 340. What are the prime factors of u?
2, 5, 7
List the prime factors of 28/(-4)*2 - -5273.
3, 1753
Suppose -2*u + 72 = -3*a + u, 5*a + 2*u + 141 = 0. Let o(k) = -k**2 - 14*k - 15. Let m be o(-15). Let d = a - m. List the prime factors of d.
3
Suppose -p - 7501 = 6*y - 9*y, p = 4*y - 10000. Let l = y - 1741. What are the prime factors of l?
2, 379
Suppose -4*q = 4*d + 5560, 0*q - 6959 = 5*d - 4*q. Let h = -502 - d. List the prime factors of h.
7, 127
Let q(l) = 2*l**3 + 7*l**2 + 15*l + 15. Let r be q(-7). Let p = -235 - r. Suppose 0 = a - 2*h - 94, h - 77 - p = -3*a. What are the prime factors of a?
2, 23
Suppose -48*o + 834876 = 26*o - 11*o. List the prime factors of o.
2, 3313
Suppose 3*x - 27 = -2*i + 4*i, 2*i + 41 = 5*x. Let l be 608/112 - 3/x. Suppose 3*b + l*g = 504 - 35, 5*b - 785 = -5*g. What are the prime factors of b?
2, 79
What are the prime factors of (1904/(-32) - -55) + (83411/2)/1?
11, 17, 223
Let z(y) = -11*y + 113. Let u be z(10). Suppose 3*l = -2*g + 464 + 716, 3 = -u*g. List the prime factors of l.
2, 197
Let d be (-4)/18 + 400/180. Suppose -4*b = -x + 39, x - 15 = -0*x - d*b. Suppose -f = -5*i - x, 0 = -2*f + f - i + 53. List the prime factors of f.
2, 3
Let o(t) = 140*t**3 + 2*t - 2. Let c be o(1). Suppose -151*j + 12045 = -c*j. List the prime factors of j.
3, 5, 73
Let k be ((-12)/(-4))/((-62)/1054). Suppose 0*q + 1028 = 2*q. What are the prime factors of q/6 - (-34)/k?
5, 17
Suppose -2827 = 297*i - 299*i + 3*s, 5*i - s - 7035 = 0. List the prime factors of i.
2, 19, 37
Suppose -8*t = -0 - 24. Suppose 4690 = t*f + 11*f. List the prime factors of f.
5, 67
Suppose 51*q - 87010 = 29*q. What are the prime factors of q?
5, 7, 113
Let u be (-11*(-22)/121)/((-2)/(-13)). List the prime factors of 594*((u - 7) + -4).
2, 3, 11
Let o = 3130 - 1830. Let y = o + 491. What are the prime factors of y?
3, 199
Suppose -6*b = -3*b + 15. Let c(r) = r**2 + 5*r + 7. Let d be c(b). Let y(s) = -s**2 + 12*s - 10. List the prime factors of y(d).
5
Let t be (-1 - -4)/((-18)/(-696)). Let f = 360 - t. What are the prime factors of f?
2, 61
Suppose -2*s - 3*p + 3 = -231, -p + 222 = 2*s. What are the prime factors of s?
2, 3
Suppose 9*u - 176 = -7*u. Suppose 5*t + 5*d = 785, -5*t - 14*d + 789 = -u*d. List the prime factors of t.
3, 53
Suppose 125 = -5*v + 5. What are the prime factors of ((-34)/(-4) + -1)*(-1296)/v?
3, 5
Suppose 171 - 161 = 5*x. Suppose -2*r = -x*y - 242, -r + 74 = 5*y - 59. What are the prime factors of r?
3, 41
Let h be 4/(-22) + 202/22. Let x(y) = 6*y + 11 + h - 11 + 12. What are the prime factors of x(9)?
3, 5
Suppose 0 = -2*p - 102 - 166. Suppose -102*u - 8089 - 31407 = -8998. Let w = p - u. What are the prime factors of w?
3, 5, 11
Suppose 0*y = 7*n + 5*y - 158, -5*n - 4*y + 115 = 0. Let r = 309 + n. What are the prime factors of r?
2, 41
Suppose 0 = 4*s - d - 103275, 0 = -5*s + 197*d - 202*d + 129075. What are the prime factors of s?
2, 3, 13, 331
Let v(q) = -1093*q - 1143. What are the prime factors of v(-23)?
2, 7, 857
Suppose 36 = 4*p + 4*n, -n + 5*n - 22 = -3*p. Suppose 0 = p*f - 12*f - 316. What are the prime factors of f?
2, 79
Suppose -4 = 38*g - 40*g. Suppose -g*i + 416 = v, -650 = -3*i - 0*i + 5*v. What are the prime factors of i?
2, 3, 5, 7
What are the prime factors of ((-77)/154)/((-2)/58)*410?
5, 29, 41
Suppose 9682 = 14*p - 9092. What are the prime factors of p?
3, 149
Let j(y) = -y**3 + y**2 + 4*y + 883. Let q(u) = -9*u + 72. Let d be q(8). List the prime factors of j(d).
883
Let p(d) be the third derivative of 9*d**4/2 - 19*d**3/6 - 122*d**2. What are the prime factors of p(2)?
197
Let d(t) = -6*t**3 - 11*t**2 + 43*t - 30. Let z(b) = -2*b**3 - 4*b**2 + 14*b - 10. Let c(u) = -2*d(u) + 7*z(u). What are the prime factors of c(-7)?
2, 149
Let n = -873 + 1164. What are the prime factors of 4926/(-4)*(-194)/n?
821
Let g(t) = t**2 - t - 2. Let p(s) = -281*s**2 - 11*s - 2. Let i(y) = 5*g(y) - p(y). What are the prime factors of i(1)?
2, 71
Suppose 456440 + 197410 = 50*d. What are the prime factors of d?
3, 1453
Suppose 41 = z - 4*i, 2*z - 7 = 3*i + 50. Suppose 18*h - 2*a = z*h - 1527, a = -h + 509. What are the prime factors of h?
509
Let g(r) be the third derivative of -17*r**4/24 - 5*r**3/2 + 4*r**2. Let u be g(-6). What are the prime factors of u + -3 + 0 + 4?
2, 11
List the prime factors of ((-9)/(-6))/(246/7205012).
43933
Let o(l) = 12*l - 3. Let y(a) = -7*a + 2. Let v(b) = 3*o(b) + 7*y(b). Suppose 4*k - 7 = 5*k. What are the prime factors of v(k)?
2, 3
Suppose -v - 2*v = b - 3415, -3 = -3*b. Suppose -4*g - 4*c + 9*c = -v, 4*g - 2*c - 1132 = 0. What are the prime factors of g?
2, 3, 47
Let f = -38 - -41. Let h be (9/(-3))/(1*(2 - f)). List the prime factors of 459/6*4/h.
2, 3, 17
Let v = -26593 + 52225. List the prime factors of v.
2, 3, 89
Let z(p) = 5 + 16*p**2 - p + 4*p - 15*p**2. Let c be z(-2). Suppose 0 = c*l - 2*q - 31 - 398, 3 = -q. List the prime factors of l.
3, 47
Let t(o) = 8*o + 75. Let a be t(-9). Suppose -a*r + 647 + 1270 = 0. What are the prime factors of r?
3, 71
Let w be ((-6)/(-15))/(1/15). Suppose j = -3*b - 49, -34 = -9*b + 11*b + 2*j. List the prime factors of b/w*((-159)/12 - -2).
2, 3, 5
Let c(r) = r - 6. Let z be c(-6). Let d be 3*z/(-27)*3. Suppose -3*i = -4*w - 51, -d*w = -5*i + 36 + 41. What are the prime factors of i?
13
Let m = 6854 + -2751. What are the prime factors of m?
11, 373
Suppose -3*k + 49*k - 1048452 = 472722. List the prime factors of k.
3, 73, 151
Let u be (-5 - (-52)/8)/(9/24). Suppose 5*o = 5*q + 35, -5*o - 2*q = -u - 3. List the prime factors of ((-3174)/(-10))/o - 8/(-40).
2, 53
Suppose 613*p - 617*p + 34040 = 0. What are the prime factors of p?
2, 5, 23, 37
Let g(h) = -34*h**2 + 32*h**2 + 60 + 60*h**2 + 18*h. List the prime factors of g(-4).
2, 229
What are the prime factors of ((-708)/(-70) + 86/301)/((-18)/(-72585))?
2, 13, 1613
Suppose 6*w = 4*i + 3*w - 1685, 0 = -8*w - 24. Suppose 0 = -c + 29 + 30. Suppose -4*g - c = -i. What are the prime factors of g?
2, 3, 5
Suppose 19 = 3*o + v, 8 = 2*o + 3*v - 7. Suppose 5*l - 6*l - o = 0. Let c(j) = -22*j - 23. List the prime factors of c(l).
109
Suppose 151904 = 161*w - 158*w + 2*s, -2*w - 2*s = -101264. What are the prime factors of w?
2, 3, 5, 211
Suppose 0 = -2*x + 8*x - 42. What are the prime factors of (-1)/(x/(-2)) + 180449/259?
17, 41
Let f(r) = 16 - 6*r**2 + 0*r**3 - 24 + 15*r + r**3 - 5*r. Let w be f(4). Suppose w = -3*g - 2*g + 675. List the prime factors of g.
3, 5
Suppose -2*u + 2*f - 5*f = -14138, 9*u = -4*f + 63602. What are the prime fact